{"version":"1.0","provider_name":"PP de Galicia","provider_url":"https:\/\/ppdegalicia.com\/es\/","author_name":"ppdegaliciaredes","author_url":"https:\/\/ppdegalicia.com\/es\/author\/ppdegaliciaredes\/","title":"O PPdeG afirma que a Xunta est\u00e1 definindo os novos contratos do servizo de autob\u00fas interurbano no sur de Pontevedra para mellorar a resposta \u00e1s necesidades de mobilidade actual - PP de Galicia","type":"rich","width":600,"height":338,"html":"<blockquote class=\"wp-embedded-content\" data-secret=\"6xAyrg8UVh\"><a href=\"https:\/\/ppdegalicia.com\/es\/70050\/\">O PPdeG afirma que a Xunta est\u00e1 definindo os novos contratos do servizo de autob\u00fas interurbano no sur de Pontevedra para mellorar a resposta \u00e1s necesidades de mobilidade actual<\/a><\/blockquote><iframe sandbox=\"allow-scripts\" security=\"restricted\" src=\"https:\/\/ppdegalicia.com\/es\/70050\/embed\/#?secret=6xAyrg8UVh\" width=\"600\" height=\"338\" title=\"\u00abO PPdeG afirma que a Xunta est\u00e1 definindo os novos contratos do servizo de autob\u00fas interurbano no sur de Pontevedra para mellorar a resposta \u00e1s necesidades de mobilidade actual\u00bb \u2014 PP de Galicia\" data-secret=\"6xAyrg8UVh\" frameborder=\"0\" marginwidth=\"0\" marginheight=\"0\" scrolling=\"no\" class=\"wp-embedded-content\"><\/iframe><script type=\"text\/javascript\">\n\/* <![CDATA[ *\/\n\/*! This file is auto-generated *\/\n!function(d,l){\"use strict\";l.querySelector&&d.addEventListener&&\"undefined\"!=typeof URL&&(d.wp=d.wp||{},d.wp.receiveEmbedMessage||(d.wp.receiveEmbedMessage=function(e){var t=e.data;if((t||t.secret||t.message||t.value)&&!\/[^a-zA-Z0-9]\/.test(t.secret)){for(var s,r,n,a=l.querySelectorAll('iframe[data-secret=\"'+t.secret+'\"]'),o=l.querySelectorAll('blockquote[data-secret=\"'+t.secret+'\"]'),c=new RegExp(\"^https?:$\",\"i\"),i=0;i<o.length;i++)o[i].style.display=\"none\";for(i=0;i<a.length;i++)s=a[i],e.source===s.contentWindow&&(s.removeAttribute(\"style\"),\"height\"===t.message?(1e3<(r=parseInt(t.value,10))?r=1e3:~~r<200&&(r=200),s.height=r):\"link\"===t.message&&(r=new URL(s.getAttribute(\"src\")),n=new URL(t.value),c.test(n.protocol))&&n.host===r.host&&l.activeElement===s&&(d.top.location.href=t.value))}},d.addEventListener(\"message\",d.wp.receiveEmbedMessage,!1),l.addEventListener(\"DOMContentLoaded\",function(){for(var e,t,s=l.querySelectorAll(\"iframe.wp-embedded-content\"),r=0;r<s.length;r++)(t=(e=s[r]).getAttribute(\"data-secret\"))||(t=Math.random().toString(36).substring(2,12),e.src+=\"#?secret=\"+t,e.setAttribute(\"data-secret\",t)),e.contentWindow.postMessage({message:\"ready\",secret:t},\"*\")},!1)))}(window,document);\n\/\/# sourceURL=https:\/\/ppdegalicia.com\/wp-includes\/js\/wp-embed.min.js\n\/* ]]> *\/\n<\/script>\n","thumbnail_url":"https:\/\/ppdegalicia.com\/wp-content\/uploads\/2026\/01\/20260129_C2ajpg-8-scaled.jpg","thumbnail_width":2560,"thumbnail_height":1707,"description":"O deputado do Grupo Popular Mois\u00e9s Rodr\u00edguez asegurou hoxe no Parlamento galego que a Xunta est\u00e1 definindo os novos contratos de explotaci\u00f3n do servizo de autob\u00fas interurbano no sur da provincia de Pontevedra para dar mellor resposta \u00e1 mobilidade actual. \u201cO Goberno galego \u00e9 consciente de que existe unha necesidade de mellora en determinadas conexi\u00f3ns neste \u00e1rea, principalmente pola evoluci\u00f3n da demanda de transporte p\u00fablico, que rexistrou un crecemento moi importante nos \u00faltimos anos\u201d, sinalou."}

O PPdeG afirma que a Xunta está definindo os novos contratos do servizo de autobús interurbano no sur de Pontevedra para mellorar a resposta ás necesidades de mobilidade actual - PP de Galicia

<blockquote class="wp-embedded-content" data-secret="6xAyrg8UVh"><a href="https://ppdegalicia.com/es/70050/">O PPdeG afirma que a Xunta está definindo os novos contratos do servizo de autobús interurbano no sur de Pontevedra para mellorar a resposta ás necesidades de mobilidade actual</a></blockquote><iframe sandbox="allow-scripts" security="restricted" src="https://ppdegalicia.com/es/70050/embed/#?secret=6xAyrg8UVh" width="600" height="338" title="«O PPdeG afirma que a Xunta está definindo os novos contratos do servizo de autobús interurbano no sur de Pontevedra para mellorar a resposta ás necesidades de mobilidade actual» — PP de Galicia" data-secret="6xAyrg8UVh" frameborder="0" marginwidth="0" marginheight="0" scrolling="no" class="wp-embedded-content"></iframe><script type="text/javascript">
/* <![CDATA[ */
/*! This file is auto-generated */
!function(d,l){"use strict";l.querySelector&&d.addEventListener&&"undefined"!=typeof URL&&(d.wp=d.wp||{},d.wp.receiveEmbedMessage||(d.wp.receiveEmbedMessage=function(e){var t=e.data;if((t||t.secret||t.message||t.value)&&!/[^a-zA-Z0-9]/.test(t.secret)){for(var s,r,n,a=l.querySelectorAll('iframe[data-secret="'+t.secret+'"]'),o=l.querySelectorAll('blockquote[data-secret="'+t.secret+'"]'),c=new RegExp("^https?:$","i"),i=0;i<o.length;i++)o[i].style.display="none";for(i=0;i<a.length;i++)s=a[i],e.source===s.contentWindow&&(s.removeAttribute("style"),"height"===t.message?(1e3<(r=parseInt(t.value,10))?r=1e3:~~r<200&&(r=200),s.height=r):"link"===t.message&&(r=new URL(s.getAttribute("src")),n=new URL(t.value),c.test(n.protocol))&&n.host===r.host&&l.activeElement===s&&(d.top.location.href=t.value))}},d.addEventListener("message",d.wp.receiveEmbedMessage,!1),l.addEventListener("DOMContentLoaded",function(){for(var e,t,s=l.querySelectorAll("iframe.wp-embedded-content"),r=0;r<s.length;r++)(t=(e=s[r]).getAttribute("data-secret"))||(t=Math.random().toString(36).substring(2,12),e.src+="#?secret="+t,e.setAttribute("data-secret",t)),e.contentWindow.postMessage({message:"ready",secret:t},"*")},!1)))}(window,document);
//# sourceURL=https://ppdegalicia.com/wp-includes/js/wp-embed.min.js
/* ]]> */
</script>

O deputado do Grupo Popular Moisés Rodríguez asegurou hoxe no Parlamento galego que a Xunta está definindo os novos contratos de explotación do servizo de autobús interurbano no sur da provincia de Pontevedra para dar mellor resposta á mobilidade actual. “O Goberno galego é consciente de que existe unha necesidade de mellora en determinadas conexións neste área, principalmente pola evolución da demanda de transporte público, que rexistrou un crecemento moi importante nos últimos anos”, sinalou.
